 Suppose -x*o - 4*p = -4*o + 220, 5*p = 5*o - 545. What is the tens digit of o?
0
Suppose 25*g + 43668 = 37*g. What is the units digit of g?
9
Let s = -107 - -192. Let n be (-8)/12*(-36)/8. Suppose n*x - x - 6 = 0, 2*i - s = x. What is the tens digit of i?
4
Suppose 0 = -i - 3*o - 8 - 2, -4 = 2*o. Let x(k) = 5*k**2 + 3*k - 3. Let f be x(i). Suppose f - 233 = -4*v. What is the units digit of v?
2
Let t be -2*4 + 4 - -9. Suppose -4*f - t*m = -146, 0 = 5*m - 3 - 7. Suppose -f = -4*j + 5*w, 4*j = -w - 14 + 36. What is the units digit of j?
6
Suppose 48 = -w - w. Let r be 176 - 0/(-4 + 1). What is the units digit of (r/w)/(1/(-3))?
2
Let g be (-3)/(3/(-2))*10. Suppose -3*m - m = -g. Suppose -f + 14 = 5*j, 176 - 34 = 3*f - m*j. What is the tens digit of f?
3
Suppose 3*z + 10 = 25. Suppose 44 = z*t - 141. What is the units digit of t?
7
Let s = 18 - 17. Let h be -3 - s/(0 - 1). What is the tens digit of (-27)/(-2) - 1/h?
1
Suppose 488*k - 481*k = 21777. What is the thousands digit of k?
3
Let a(o) be the first derivative of -12 - 2*o - 55/2*o**2. What is the units digit of a(-1)?
3
Suppose -7*v + 14546 = -2968. What is the thousands digit of v?
2
Let o = 47 + -44. Suppose -o*p = 2*p - 5*d - 880, 0 = 2*p - d - 350. What is the units digit of p?
4
Let d = -18 - -13. Let c be (-2 + (-6)/(-5))*d. Suppose 8 = -0*g + g - c*j, -5*g + 57 = -3*j. What is the units digit of g?
2
Suppose 41*r - 14*r - 14958 = 0. What is the units digit of r?
4
Let o = 38 - 36. What is the tens digit of 84/9 + o*3/9?
1
Let y(x) = -x**3 + 9*x**2 + 1. Let u = 1 - -4. Let b be (30/4)/u*6. What is the units digit of y(b)?
1
Let o(t) = 9*t**3 + 37*t**2 - 6*t + 55. Let x(q) = 5*q**3 + 19*q**2 - 3*q + 28. Let c(s) = -4*o(s) + 7*x(s). What is the units digit of c(-16)?
4
Let m(c) = 2*c**3 + 4*c**2 - 7*c + 2. Let f(n) = -n**3 + n - 1. Let y(v) = f(v) + m(v). Let a be y(-5). Let g = 21 - a. What is the tens digit of g?
1
Let z(c) = 371*c**3 - 2*c**2 + c. What is the hundreds digit of z(1)?
3
Suppose 3*a = -a - 3*r + 21, -3*r + 15 = 2*a. Let v be (-258)/(-9)*(-6)/4. Let l = a - v. What is the tens digit of l?
4
Let g = 175 + 52. What is the units digit of g?
7
Let y(g) = g**2 + 6*g + 8. Let i be y(-6). Let m = 22 - i. Suppose -12 - m = -s. What is the units digit of s?
6
Let a(m) = -m**3 + 25*m**2 - 17*m - 45. Let u be a(24). Let j = 51 + u. What is the units digit of j?
4
Suppose 0 = 2*o + 4, -2*o - 3*o = 3*g - 1970. What is the tens digit of g?
6
Let o be (1 + (-1760)/25)/(2/(-10)). Let k = o + -247. What is the tens digit of k?
0
Suppose 64*n - 7302 = 58*n. What is the units digit of n?
7
Let c = -376 - -642. Let a = c + -101. What is the tens digit of a?
6
Let k(v) be the third derivative of v**6/120 + v**5/15 - v**4/8 + v**3/2 - 3*v**2. Let l be 6/15 - 66/15. What is the units digit of k(l)?
5
Suppose 6097 = 9*u - 11858. What is the units digit of u?
5
What is the thousands digit of (-472)/(-32)*-9*(2 - 14)?
1
Let f = 32 + -19. Suppose -4*n - 2 + 17 = -3*y, -2*y + f = 5*n. Suppose 4*j + c = 187, -n*c + 91 = j + j. What is the tens digit of j?
4
Let n be -5 - -2 - (3 - 8). Suppose 4*z + n*z - 486 = 0. What is the units digit of z?
1
Let o(h) be the second derivative of h**3/3 - 9*h**2/2 - h. Let r be o(7). Suppose -r*z = 4 - 119. What is the units digit of z?
3
Let v(s) = -s**3 + 7*s**2 + s + 9. What is the units digit of v(7)?
6
Let f(b) = -b**3 + 21*b**2 + 23*b - 17. Let h be f(22). Suppose 2*y + 2*y - 67 = r, 2*y - h*r = 29. What is the tens digit of y?
1
Suppose -3*f = 12, u - 7*f = -3*f + 19. What is the units digit of (-15 + u)*(-30)/9?
0
Suppose 0 = -2*v - 4*y - 16, v + 3*v + 2*y + 2 = 0. Suppose 0 = 2*t + v*b + 3*b - 44, 0 = 4*t + 2*b - 72. What is the units digit of t?
7
Suppose -5*c - r + 275 = -4*c, 0 = -5*c + 5*r + 1425. What is the units digit of c?
0
Let w be 4/(-1*(-4)/(-10)). Let k(u) = u + 12. Let y be k(w). What is the units digit of (y + 1)*12 + 4?
0
Suppose -94 = -10*b + 116. Suppose -27*p + b*p = -834. What is the hundreds digit of p?
1
Suppose g + 2*g - 6 = 0. Let d be (0 + 2)/g - 6. What is the units digit of 0 - -43 - (2 + d)?
6
Suppose -4*u - 11 = -v + 2, 3*u - 13 = -v. Suppose 121 = 3*l - 4*h, v = 4*l - 5*h - 149. What is the units digit of l?
3
Suppose a - 2*p - 392 = 0, -3*p + 5*p + 786 = 2*a. What is the units digit of a?
4
Suppose -2*o - 10 = 0, -4*m - 4*o - 3 = -o. Let l(i) = i**2 - 2*i + 2. Let s be l(m). Suppose s*n + 193 = 538. What is the tens digit of n?
6
Let l = 194 + -134. Suppose -4*n - 3*f + 85 = 0, -l - 32 = -4*n + 4*f. What is the units digit of n?
2
Let u = -14 + 8. Let k = u + -24. Let x = 94 + k. What is the units digit of x?
4
Suppose h + 5*n = -19, -25 = -5*h + 2*n - 3*n. Suppose -3 = 5*x - h*x. What is the tens digit of (2/5)/(x/105)?
1
What is the hundreds digit of 15536/22 + (-6)/33?
7
Let h(x) = 2*x - 8. Let s be h(0). Let i(r) = -r**3 - 5*r**2 + r + 3. What is the hundreds digit of i(s)?
1
Let c(f) = 914*f**2 + 8*f + 9. What is the hundreds digit of c(-1)?
9
Let a = -18 - -26. Let o(g) be the first derivative of g**3/3 - 7*g**2/2 + 3*g - 125. What is the units digit of o(a)?
1
Let i = -55 + 30. Let s = 56 + i. What is the units digit of s + 0 + (3 - 2)?
2
Let r(o) = o**3 + 9*o**2 + 8*o + 2. Let v = -20 - -12. What is the units digit of r(v)?
2
Let a = -52 - -37. Suppose 5*f = -v - 7 + 21, 5*v = -4*f + 154. Let t = v + a. What is the tens digit of t?
1
What is the tens digit of ((-304)/(-1))/(((-128)/(-40))/8)?
6
Let q(x) be the third derivative of -x**6/24 - x**2. Let o be q(-1). Suppose -3*j = 4*y - 30, 4*y - o*j - 8 = 38. What is the units digit of y?
9
Let x = 23 + -21. What is the tens digit of (22/33)/(x/45)?
1
Let k = 5 + -5. Suppose -2*y - 65 = -2*h + 13, k = -5*h + y + 195. Suppose -3*a + 60 = -h. What is the units digit of a?
3
Let x(i) = i**2 + i - 16. Let p be x(-5). Suppose p*l - 46 = 122. What is the tens digit of l?
4
Suppose -5*a + 10 = 0, 3*k - 12*a + 17*a = 307. What is the units digit of k?
9
Suppose 3*a - 15 = 0, 0 = -2*j - 4*a + 2*a + 44. Let r = 37 - j. What is the units digit of r + -1 + 1/(-1)?
8
Let y = 490 - 201. What is the units digit of y?
9
Suppose 8 = 4*o - 0*o. What is the units digit of o/11 - (-600)/88?
7
Suppose 5*b + 4*z = 1972 - 554, 5*b = 4*z + 1442. What is the tens digit of b?
8
Let w = -3698 - -6933. What is the thousands digit of w?
3
Suppose -5*f + f - 8 = 2*x, 3 = f - 2*x. Let w(d) = -75*d**3 - 2*d - 1. What is the tens digit of w(f)?
7
Suppose 947*y + 14344 = 958*y. What is the thousands digit of y?
1
Let s(t) = -80*t**3 + t**2 - 1. Let l = 0 - 1. Let g be s(l). Suppose -20 + g = 5*u. What is the units digit of u?
2
What is the tens digit of 849 - (18/2 - 7)?
4
Let q = 21 + -27. What is the tens digit of (-2)/6*-2*(-819)/q?
9
Let n(a) = -95*a - 659. What is the thousands digit of n(-37)?
2
Suppose -17*x + 58204 - 3872 = 0. What is the tens digit of x?
9
Let k(o) = 2*o + 12. Let x be k(11). Suppose -3*y - 7 = -1, 2*v = -4*y + x. Let b = v + -3. What is the units digit of b?
8
What is the tens digit of (-49487)/(-82) + 1/(-2)?
0
Suppose -l = g - 452, -3 - 7 = -5*g. Suppose l = 5*j - 5*c, -2*j + 4*c + 174 = -c. What is the units digit of j?
2
Let l be (-10)/195*3 + 10742/26. Let o = l - 270. What is the hundreds digit of o?
1
Suppose 2*s + m + 12 = -2*s, -4*m - 22 = 3*s. Let p(t) = 18*t**2 + 2*t - 4. What is the units digit of p(s)?
4
Suppose 2*d - 8 = -16. Let q be 30/9 - d/6. Suppose 0 = q*h - 5*h + 7. What is the units digit of h?
7
Let z = 8 - 15. What is the tens digit of (9/(-6))/(z/84)?
1
Suppose 6*d = 11*d. Suppose d = 3*u - 3*l - 192, u = -3*u + 2*l + 256. What is the units digit of u?
4
What is the thousands digit of ((-2274)/(-30) - -5)*(-585)/(-18)?
2
Let h(a) = a**3 + 4*a**2 + 3*a + 4. Let t be h(-4). Let c = 19 - t. What is the tens digit of c?
2
Suppose 8*k - 9*k = 0. What is the units digit of -2 + (-7)/((-3 + k)/3)?
5
Let y = -21 - -29. Let n(j) = 7*j - 14. What is the tens digit of n(y)?
4
Suppose 4*p - 6 = 2*f + 8, 5*f = 5*p - 15. Suppose -p*s + 50 + 2 = 4*b, -3*b - 57 = -3*s. What is the tens digit of s?
1
What is the thousands digit of 1153 - 13 - (-72)/(-6)?
1
Let y be -1 - 2 - (-7 - -2). Suppose -69 = -3*u + y*o, 3*o = -o + 12. What is the tens digit of u?
2
Suppose